{"id":945,"date":"2024-10-30T11:31:36","date_gmt":"2024-10-30T11:31:36","guid":{"rendered":"https:\/\/dentalklinikken.no\/rauland\/?page_id=945"},"modified":"2025-09-24T07:28:28","modified_gmt":"2025-09-24T07:28:28","slug":"artikler","status":"publish","type":"page","link":"https:\/\/dentalklinikken.no\/rauland\/artikler\/","title":{"rendered":"Artikler"},"content":{"rendered":"\t\t<div data-elementor-type=\"wp-page\" data-elementor-id=\"945\" class=\"elementor elementor-945\" data-elementor-post-type=\"page\">\n\t\t\t\t<div class=\"elementor-element elementor-element-6d551a7 e-con-full e-flex e-con e-parent\" data-id=\"6d551a7\" data-element_type=\"container\" data-e-type=\"container\" data-settings=\"{&quot;background_background&quot;:&quot;classic&quot;}\">\n\t\t<div class=\"elementor-element elementor-element-6699aa8 e-flex e-con-boxed e-con e-child\" data-id=\"6699aa8\" data-element_type=\"container\" data-e-type=\"container\">\n\t\t\t\t\t<div class=\"e-con-inner\">\n\t\t<div class=\"elementor-element elementor-element-2746d65 e-con-full e-flex e-con e-child\" data-id=\"2746d65\" data-element_type=\"container\" data-e-type=\"container\">\n\t\t<div class=\"elementor-element elementor-element-2e9dc2d e-con-full e-flex e-con e-child\" data-id=\"2e9dc2d\" data-element_type=\"container\" data-e-type=\"container\">\n\t\t\t\t<div class=\"elementor-element elementor-element-fbda8de elementor-widget elementor-widget-heading\" data-id=\"fbda8de\" data-element_type=\"widget\" data-e-type=\"widget\" data-widget_type=\"heading.default\">\n\t\t\t\t<div class=\"elementor-widget-container\">\n\t\t\t\t\t<h1 class=\"elementor-heading-title elementor-size-default\">Artikler<\/h1>\t\t\t\t<\/div>\n\t\t\t\t<\/div>\n\t\t\t\t<div class=\"elementor-element elementor-element-90991e8 elementor-widget elementor-widget-text-editor\" data-id=\"90991e8\" data-element_type=\"widget\" data-e-type=\"widget\" data-widget_type=\"text-editor.default\">\n\t\t\t\t<div class=\"elementor-widget-container\">\n\t\t\t\t\t\t\t\t\t<p>Vi \u00f8nsker \u00e5 gi deg verdifull informasjon om tannpleie gjennom v\u00e5re artikler. Her kan du utforske emner som rutinemessige tannbehandlinger, beste praksis for daglig tannpleie, og nyheter om kosmetiske prosedyrer.<\/p>\t\t\t\t\t\t\t\t<\/div>\n\t\t\t\t<\/div>\n\t\t\t\t<\/div>\n\t\t<div class=\"elementor-element elementor-element-eb63590 e-con-full e-flex e-con e-child\" data-id=\"eb63590\" data-element_type=\"container\" data-e-type=\"container\">\n\t\t\t\t<div class=\"elementor-element elementor-element-31313da elementor-grid-3 elementor-grid-tablet-2 elementor-grid-mobile-1 elementor-widget elementor-widget-loop-grid\" data-id=\"31313da\" data-element_type=\"widget\" data-e-type=\"widget\" data-settings=\"{&quot;template_id&quot;:&quot;486&quot;,&quot;columns&quot;:3,&quot;_skin&quot;:&quot;post&quot;,&quot;columns_tablet&quot;:&quot;2&quot;,&quot;columns_mobile&quot;:&quot;1&quot;,&quot;edit_handle_selector&quot;:&quot;[data-elementor-type=\\&quot;loop-item\\&quot;]&quot;,&quot;row_gap&quot;:{&quot;unit&quot;:&quot;px&quot;,&quot;size&quot;:&quot;&quot;,&quot;sizes&quot;:[]},&quot;row_gap_tablet&quot;:{&quot;unit&quot;:&quot;px&quot;,&quot;size&quot;:&quot;&quot;,&quot;sizes&quot;:[]},&quot;row_gap_mobile&quot;:{&quot;unit&quot;:&quot;px&quot;,&quot;size&quot;:&quot;&quot;,&quot;sizes&quot;:[]}}\" data-widget_type=\"loop-grid.post\">\n\t\t\t\t<div class=\"elementor-widget-container\">\n\t\t\t\t\t\t\t<div class=\"elementor-loop-container elementor-grid\" role=\"list\">\n\t\t<style id=\"loop-486\">.elementor-486 .elementor-element.elementor-element-2ae38e8{--display:flex;--min-height:359px;--justify-content:space-between;--border-radius:8px 8px 8px 8px;--padding-top:2rem;--padding-bottom:2rem;--padding-left:2rem;--padding-right:2rem;}.elementor-486 .elementor-element.elementor-element-2ae38e8:not(.elementor-motion-effects-element-type-background), .elementor-486 .elementor-element.elementor-element-2ae38e8 > .elementor-motion-effects-container > .elementor-motion-effects-layer{background-color:var( --e-global-color-ea5fae9 );}.elementor-widget-text-editor{font-family:var( --e-global-typography-text-font-family ), Sans-serif;font-size:var( --e-global-typography-text-font-size );font-weight:var( --e-global-typography-text-font-weight );text-transform:var( --e-global-typography-text-text-transform );color:var( --e-global-color-text );}.elementor-widget-text-editor.elementor-drop-cap-view-stacked .elementor-drop-cap{background-color:var( --e-global-color-primary );}.elementor-widget-text-editor.elementor-drop-cap-view-framed .elementor-drop-cap, .elementor-widget-text-editor.elementor-drop-cap-view-default .elementor-drop-cap{color:var( --e-global-color-primary );border-color:var( --e-global-color-primary );}.elementor-486 .elementor-element.elementor-element-03962bc{font-family:var( --e-global-typography-349f1d7-font-family ), Sans-serif;font-size:var( --e-global-typography-349f1d7-font-size );font-weight:var( --e-global-typography-349f1d7-font-weight );text-transform:var( --e-global-typography-349f1d7-text-transform );line-height:var( --e-global-typography-349f1d7-line-height );letter-spacing:var( --e-global-typography-349f1d7-letter-spacing );word-spacing:var( --e-global-typography-349f1d7-word-spacing );color:var( --e-global-color-text );}.elementor-486 .elementor-element.elementor-element-967bcb7{--display:flex;--min-height:220px;--justify-content:flex-start;--padding-top:0px;--padding-bottom:0px;--padding-left:0px;--padding-right:0px;}.elementor-widget-heading .elementor-heading-title{font-family:var( --e-global-typography-primary-font-family ), Sans-serif;font-size:var( --e-global-typography-primary-font-size );font-weight:var( --e-global-typography-primary-font-weight );text-transform:var( --e-global-typography-primary-text-transform );color:var( --e-global-color-primary );}.elementor-486 .elementor-element.elementor-element-4a0d65b .elementor-heading-title{font-family:var( --e-global-typography-accent-font-family ), Sans-serif;font-size:var( --e-global-typography-accent-font-size );font-weight:var( --e-global-typography-accent-font-weight );text-transform:var( --e-global-typography-accent-text-transform );color:var( --e-global-color-primary );}.elementor-486 .elementor-element.elementor-element-5805a30{color:var( --e-global-color-text );}@media(max-width:1024px) and (min-width:768px){.elementor-486 .elementor-element.elementor-element-2ae38e8{--width:100%;}}@media(max-width:1024px){.elementor-widget-text-editor{font-size:var( --e-global-typography-text-font-size );}.elementor-486 .elementor-element.elementor-element-03962bc{font-size:var( --e-global-typography-349f1d7-font-size );line-height:var( --e-global-typography-349f1d7-line-height );letter-spacing:var( --e-global-typography-349f1d7-letter-spacing );word-spacing:var( --e-global-typography-349f1d7-word-spacing );}.elementor-486 .elementor-element.elementor-element-967bcb7{--min-height:160px;}.elementor-widget-heading .elementor-heading-title{font-size:var( --e-global-typography-primary-font-size );}.elementor-486 .elementor-element.elementor-element-4a0d65b .elementor-heading-title{font-size:var( --e-global-typography-accent-font-size );}}@media(max-width:767px){.elementor-widget-text-editor{font-size:var( --e-global-typography-text-font-size );}.elementor-486 .elementor-element.elementor-element-03962bc{font-size:var( --e-global-typography-349f1d7-font-size );line-height:var( --e-global-typography-349f1d7-line-height );letter-spacing:var( --e-global-typography-349f1d7-letter-spacing );word-spacing:var( --e-global-typography-349f1d7-word-spacing );}.elementor-widget-heading .elementor-heading-title{font-size:var( --e-global-typography-primary-font-size );}.elementor-486 .elementor-element.elementor-element-4a0d65b .elementor-heading-title{font-size:var( --e-global-typography-accent-font-size );}}<\/style>\t\t<div data-elementor-type=\"loop-item\" data-elementor-id=\"486\" class=\"elementor elementor-486 e-loop-item e-loop-item-523 post-523 post type-post status-publish format-standard has-post-thumbnail hentry category-karies\" data-elementor-post-type=\"elementor_library\" data-custom-edit-handle=\"1\">\n\t\t\t<a class=\"elementor-element elementor-element-2ae38e8 e-con-full e-flex e-con e-child\" data-id=\"2ae38e8\" data-element_type=\"container\" data-e-type=\"container\" data-settings=\"{&quot;background_background&quot;:&quot;classic&quot;}\" href=\"https:\/\/dentalklinikken.no\/rauland\/nar-ma-man-rotfylle-en-tann\/\">\n\t\t\t\t<div class=\"elementor-element elementor-element-03962bc elementor-widget elementor-widget-text-editor\" data-id=\"03962bc\" data-element_type=\"widget\" data-e-type=\"widget\" data-widget_type=\"text-editor.default\">\n\t\t\t\t<div class=\"elementor-widget-container\">\n\t\t\t\t\t\t\t\t\t<span>Karies<\/span>\t\t\t\t\t\t\t\t<\/div>\n\t\t\t\t<\/div>\n\t\t<div class=\"elementor-element elementor-element-967bcb7 e-con-full e-flex e-con e-child\" data-id=\"967bcb7\" data-element_type=\"container\" data-e-type=\"container\">\n\t\t\t\t<div class=\"elementor-element elementor-element-4a0d65b elementor-widget elementor-widget-heading\" data-id=\"4a0d65b\" data-element_type=\"widget\" data-e-type=\"widget\" data-widget_type=\"heading.default\">\n\t\t\t\t<div class=\"elementor-widget-container\">\n\t\t\t\t\t<h2 class=\"elementor-heading-title elementor-size-default\">N\u00e5r m\u00e5 man rotfylle en tann?<\/h2>\t\t\t\t<\/div>\n\t\t\t\t<\/div>\n\t\t\t\t<div class=\"elementor-element elementor-element-5805a30 elementor-widget elementor-widget-text-editor\" data-id=\"5805a30\" data-element_type=\"widget\" data-e-type=\"widget\" data-widget_type=\"text-editor.default\">\n\t\t\t\t<div class=\"elementor-widget-container\">\n\t\t\t\t\t\t\t\t\t<p>Hva er rotfylling, og hvorfor er det n\u00f8dvendig? Rotfylling er en prosedyre hvor tannlegen fjerner&#8230;\t\t\t\t\t\t\t\t<\/div>\n\t\t\t\t<\/div>\n\t\t\t\t<\/div>\n\t\t\t\t<\/a>\n\t\t\t\t<\/div>\n\t\t\t\t<div data-elementor-type=\"loop-item\" data-elementor-id=\"486\" class=\"elementor elementor-486 e-loop-item e-loop-item-521 post-521 post type-post status-publish format-standard has-post-thumbnail hentry category-info\" data-elementor-post-type=\"elementor_library\" data-custom-edit-handle=\"1\">\n\t\t\t<a class=\"elementor-element elementor-element-2ae38e8 e-con-full e-flex e-con e-child\" data-id=\"2ae38e8\" data-element_type=\"container\" data-e-type=\"container\" data-settings=\"{&quot;background_background&quot;:&quot;classic&quot;}\" href=\"https:\/\/dentalklinikken.no\/rauland\/tannlege-og-tannpleier-hva-er-forskjellen\/\">\n\t\t\t\t<div class=\"elementor-element elementor-element-03962bc elementor-widget elementor-widget-text-editor\" data-id=\"03962bc\" data-element_type=\"widget\" data-e-type=\"widget\" data-widget_type=\"text-editor.default\">\n\t\t\t\t<div class=\"elementor-widget-container\">\n\t\t\t\t\t\t\t\t\t<span>Info<\/span>\t\t\t\t\t\t\t\t<\/div>\n\t\t\t\t<\/div>\n\t\t<div class=\"elementor-element elementor-element-967bcb7 e-con-full e-flex e-con e-child\" data-id=\"967bcb7\" data-element_type=\"container\" data-e-type=\"container\">\n\t\t\t\t<div class=\"elementor-element elementor-element-4a0d65b elementor-widget elementor-widget-heading\" data-id=\"4a0d65b\" data-element_type=\"widget\" data-e-type=\"widget\" data-widget_type=\"heading.default\">\n\t\t\t\t<div class=\"elementor-widget-container\">\n\t\t\t\t\t<h2 class=\"elementor-heading-title elementor-size-default\">Tannlege vs. tannpleier: Hva er forskjellen?<\/h2>\t\t\t\t<\/div>\n\t\t\t\t<\/div>\n\t\t\t\t<div class=\"elementor-element elementor-element-5805a30 elementor-widget elementor-widget-text-editor\" data-id=\"5805a30\" data-element_type=\"widget\" data-e-type=\"widget\" data-widget_type=\"text-editor.default\">\n\t\t\t\t<div class=\"elementor-widget-container\">\n\t\t\t\t\t\t\t\t\t<p>N\u00e5r du bes\u00f8ker en tannklinikk, m\u00f8ter du ofte b\u00e5de en tannlege og en tannpleier, men&#8230;\t\t\t\t\t\t\t\t<\/div>\n\t\t\t\t<\/div>\n\t\t\t\t<\/div>\n\t\t\t\t<\/a>\n\t\t\t\t<\/div>\n\t\t\t\t<div data-elementor-type=\"loop-item\" data-elementor-id=\"486\" class=\"elementor elementor-486 e-loop-item e-loop-item-487 post-487 post type-post status-publish format-standard has-post-thumbnail hentry category-karies\" data-elementor-post-type=\"elementor_library\" data-custom-edit-handle=\"1\">\n\t\t\t<a class=\"elementor-element elementor-element-2ae38e8 e-con-full e-flex e-con e-child\" data-id=\"2ae38e8\" data-element_type=\"container\" data-e-type=\"container\" data-settings=\"{&quot;background_background&quot;:&quot;classic&quot;}\" href=\"https:\/\/dentalklinikken.no\/rauland\/hva-er-hull-i-tennene-karies\/\">\n\t\t\t\t<div class=\"elementor-element elementor-element-03962bc elementor-widget elementor-widget-text-editor\" data-id=\"03962bc\" data-element_type=\"widget\" data-e-type=\"widget\" data-widget_type=\"text-editor.default\">\n\t\t\t\t<div class=\"elementor-widget-container\">\n\t\t\t\t\t\t\t\t\t<span>Karies<\/span>\t\t\t\t\t\t\t\t<\/div>\n\t\t\t\t<\/div>\n\t\t<div class=\"elementor-element elementor-element-967bcb7 e-con-full e-flex e-con e-child\" data-id=\"967bcb7\" data-element_type=\"container\" data-e-type=\"container\">\n\t\t\t\t<div class=\"elementor-element elementor-element-4a0d65b elementor-widget elementor-widget-heading\" data-id=\"4a0d65b\" data-element_type=\"widget\" data-e-type=\"widget\" data-widget_type=\"heading.default\">\n\t\t\t\t<div class=\"elementor-widget-container\">\n\t\t\t\t\t<h2 class=\"elementor-heading-title elementor-size-default\">Hvordan dannes hull i tennene (karies), og hvordan kan du forebygge det?<\/h2>\t\t\t\t<\/div>\n\t\t\t\t<\/div>\n\t\t\t\t<div class=\"elementor-element elementor-element-5805a30 elementor-widget elementor-widget-text-editor\" data-id=\"5805a30\" data-element_type=\"widget\" data-e-type=\"widget\" data-widget_type=\"text-editor.default\">\n\t\t\t\t<div class=\"elementor-widget-container\">\n\t\t\t\t\t\t\t\t\t<p>Hull i tennene, ogs\u00e5 kjent som karies, er en av de vanligste tannhelseproblemene. Det starter&#8230;\t\t\t\t\t\t\t\t<\/div>\n\t\t\t\t<\/div>\n\t\t\t\t<\/div>\n\t\t\t\t<\/a>\n\t\t\t\t<\/div>\n\t\t\t\t<\/div>\n\t\t\n\t\t\t\t\t\t<\/div>\n\t\t\t\t<\/div>\n\t\t\t\t<\/div>\n\t\t\t\t<\/div>\n\t\t\t\t\t<\/div>\n\t\t\t\t<\/div>\n\t\t\t\t<\/div>\n\t\t\t\t<\/div>\n\t\t","protected":false},"excerpt":{"rendered":"<p>Artikler Vi \u00f8nsker \u00e5 gi deg verdifull informasjon om tannpleie gjennom v\u00e5re artikler. Her kan du utforske emner som rutinemessige tannbehandlinger, beste praksis for daglig tannpleie, og nyheter om kosmetiske prosedyrer.<\/p>\n","protected":false},"author":1,"featured_media":0,"parent":0,"menu_order":0,"comment_status":"closed","ping_status":"closed","template":"","meta":{"_acf_changed":false,"inline_featured_image":false,"footnotes":""},"class_list":["post-945","page","type-page","status-publish","hentry"],"acf":[],"_links":{"self":[{"href":"https:\/\/dentalklinikken.no\/rauland\/wp-json\/wp\/v2\/pages\/945","targetHints":{"allow":["GET"]}}],"collection":[{"href":"https:\/\/dentalklinikken.no\/rauland\/wp-json\/wp\/v2\/pages"}],"about":[{"href":"https:\/\/dentalklinikken.no\/rauland\/wp-json\/wp\/v2\/types\/page"}],"author":[{"embeddable":true,"href":"https:\/\/dentalklinikken.no\/rauland\/wp-json\/wp\/v2\/users\/1"}],"replies":[{"embeddable":true,"href":"https:\/\/dentalklinikken.no\/rauland\/wp-json\/wp\/v2\/comments?post=945"}],"version-history":[{"count":0,"href":"https:\/\/dentalklinikken.no\/rauland\/wp-json\/wp\/v2\/pages\/945\/revisions"}],"wp:attachment":[{"href":"https:\/\/dentalklinikken.no\/rauland\/wp-json\/wp\/v2\/media?parent=945"}],"curies":[{"name":"wp","href":"https:\/\/api.w.org\/{rel}","templated":true}]}}